t the prime factors of 18587.
18587
List the prime factors of 55405.
5, 7, 1583
List the prime factors of 16716.
2, 3, 7, 199
What are the prime factors of 834?
2, 3, 139
List the prime factors of 267.
3, 89
List the prime factors of 41.
41
List the prime factors of 108.
2, 3
List the prime factors of 30115.
5, 19, 317
List the prime factors of 3798.
2, 3, 211
List the prime factors of 5932.
2, 1483
List the prime factors of 5473.
13, 421
What are the prime factors of 897?
3, 13, 23
What are the prime factors of 7759?
7759
What are the prime factors of 6949?
6949
List the prime factors of 99.
3, 11
List the prime factors of 7506.
2, 3, 139
What are the prime factors of 46517?
181, 257
What are the prime factors of 10301?
10301
What are the prime factors of 56610?
2, 3, 5, 17, 37
List the prime factors of 82974.
2, 3, 13829
List the prime factors of 36469.
36469
What are the prime factors of 35464?
2, 11, 13, 31
List the prime factors of 54182.
2, 27091
List the prime factors of 7173.
3, 797
What are the prime factors of 93399?
3, 163, 191
What are the prime factors of 82092?
2, 3, 6841
What are the prime factors of 2450?
2, 5, 7
What are the prime factors of 57547?
7, 8221
What are the prime factors of 7402?
2, 3701
List the prime factors of 2778.
2, 3, 463
List the prime factors of 6153.
3, 7, 293
What are the prime factors of 2496?
2, 3, 13
What are the prime factors of 3710?
2, 5, 7, 53
List the prime factors of 1684.
2, 421
List the prime factors of 24577.
7, 3511
List the prime factors of 62045.
5, 12409
List the prime factors of 820.
2, 5, 41
What are the prime factors of 4372?
2, 1093
List the prime factors of 1858.
2, 929
List the prime factors of 3089.
3089
List the prime factors of 51.
3, 17
List the prime factors of 673.
673
What are the prime factors of 43473?
3, 43, 337
What are the prime factors of 1660?
2, 5, 83
What are the prime factors of 119259?
3, 7, 631
List the prime factors of 4625.
5, 37
List the prime factors of 14456.
2, 13, 139
List the prime factors of 858.
2, 3, 11, 13
List the prime factors of 758.
2, 379
What are the prime factors of 13339?
13339
List the prime factors of 10419.
3, 23, 151
List the prime factors of 11487.
3, 7, 547
What are the prime factors of 53584?
2, 17, 197
List the prime factors of 2443.
7, 349
What are the prime factors of 19858?
2, 9929
What are the prime factors of 851?
23, 37
What are the prime factors of 5608?
2, 701
List the prime factors of 17656.
2, 2207
List the prime factors of 2756.
2, 13, 53
List the prime factors of 3861.
3, 11, 13
List the prime factors of 5382.
2, 3, 13, 23
List the prime factors of 14317.
103, 139
List the prime factors of 16183.
16183
What are the prime factors of 6302?
2, 23, 137
What are the prime factors of 5900?
2, 5, 59
What are the prime factors of 2565?
3, 5, 19
What are the prime factors of 8179?
8179
What are the prime factors of 303?
3, 101
List the prime factors of 822.
2, 3, 137
List the prime factors of 61612.
2, 73, 211
What are the prime factors of 1844?
2, 461
List the prime factors of 50141.
7, 13, 19, 29
What are the prime factors of 976?
2, 61
What are the prime factors of 5197?
5197
List the prime factors of 1380.
2, 3, 5, 23
What are the prime factors of 4815?
3, 5, 107
What are the prime factors of 2789?
2789
What are the prime factors of 6185?
5, 1237
List the prime factors of 11713.
13, 17, 53
List the prime factors of 31570.
2, 5, 7, 11, 41
What are the prime factors of 13552?
2, 7, 11
What are the prime factors of 552?
2, 3, 23
List the prime factors of 25262.
2, 17, 743
List the prime factors of 6626.
2, 3313
What are the prime factors of 66739?
66739
What are the prime factors of 2358?
2, 3, 131
List the prime factors of 14889.
3, 7, 709
What are the prime factors of 4639?
4639
List the prime factors of 59345.
5, 11, 13, 83
What are the prime factors of 8084?
2, 43, 47
List the prime factors of 25034.
2, 12517
List the prime factors of 1102.
2, 19, 29
List the prime factors of 20169.
3, 83
List the prime factors of 3215.
5, 643
What are the prime factors of 42441?
3, 7, 43, 47
List the prime factors of 14460.
2, 3, 5, 241
What are the prime factors of 6813?
3, 757
What are the prime factors of 47943?
3, 7, 761
What are the prime factors of 11161?
11161
What are the prime factors of 81164?
2, 103, 197
List the prime factors of 6690.
2, 3, 5, 223
List the prime factors of 7702.
2, 3851
What are the prime factors of 1562?
2, 11, 71
List the prime factors of 1093.
1093
What are the prime factors of 11689?
11689
List the prime factors of 34919.
34919
What are the prime factors of 3533?
3533
List the prime factors of 84268.
2, 21067
What are the prime factors of 257?
257
List the prime factors of 2852.
2, 23, 31
List the prime factors of 1061.
1061
What are the prime factors of 2508?
2, 3, 11, 19
List the prime factors of 994.
2, 7, 71
What are the prime factors of 1683?
3, 11, 17
List the prime factors of 5157.
3, 191
What are the prime factors of 119?
7, 17
List the prime factors of 5402.
2, 37, 73
List the prime factors of 6816.
2, 3, 71
List the prime factors of 5257.
7, 751
What are the prime factors of 3392?
2, 53
What are the prime factors of 1787?
1787
What are the prime factors of 1363?
29, 47
List the prime factors of 1981.
7, 283
What are the prime factors of 18895?
5, 3779
List the prime factors of 666.
2, 3, 37
List the prime factors of 2385.
3, 5, 53
What are the prime factors of 860?
2, 5, 43
What are the prime factors of 51313?
23, 97
What are the prime factors of 2662?
2, 11
List the prime factors of 5050.
2, 5, 101
List the prime factors of 1514.
2, 757
What are the prime factors of 34472?
2, 31, 139
List the prime factors of 2752.
2, 43
What are the prime factors of 3071?
37, 83
List the prime factors of 1395.
3, 5, 31
List the prime factors of 337.
337
List the prime factors of 14343.
3, 7, 683
What are the prime factors of 2536?
2, 317
What are the prime factors of 285?
3, 5, 19
What are the prime factors of 1456?
2, 7, 13
List the prime factors of 16116.
2, 3, 17, 79
List the prime factors of 159.
3, 53
List the prime factors of 1145.
5, 229
What are the prime factors of 6624?
2, 3, 23
List the prime factors of 34.
2, 17
List the prime factors of 3457.
3457
List the prime factors of 1266.
2, 3, 211
What are the prime factors of 10170?
2, 3, 5, 113
List the prime factors of 9986.
2, 4993
What are the prime factors of 1353?
3, 11, 41
List the prime factors of 1575.
3, 5, 7
What are the prime factors of 471?
3, 157
List the prime factors of 59348.
2, 37, 401
What are the prime factors of 16235?
5, 17, 191
What are the prime factors of 12077?
13, 929
What are the prime factors of 217?
7, 31
List the prime factors of 3833.
3833
List the prime factors of 20479.
20479
List the prime factors of 68621.
7, 9803
List the prime factors of 15617.
7, 23, 97
List the prime factors of 269.
269
What are the prime factors of 124491?
3, 17, 2441
List the prime factors of 76111.
7, 83, 131
List the prime factors of 23834.
2, 17, 701
What are the prime factors of 133115?
5, 79, 337
What are the prime factors of 8881?
83, 107
What are the prime factors of 3027?
3, 1009
List the prime factors of 23200.
2, 5, 29
List the prime factors of 24601.
73, 337
List the prime factors of 860.
2, 5, 43
List the prime factors of 4904.
2, 613
List the prime factors of 91211.
197, 463
List the prime factors of 824.
2, 103
What are the prime factors of 990?
2, 3, 5, 11
What are the prime factors of 132105?
3, 5, 8807
What are the prime factors of 73990?
2, 5, 7, 151
List the prime factors of 2688.
2, 3, 7
What are the prime factors of 68004?
2, 3, 1889
List the prime factors of 1208.
2, 151
What are the prime factors of 1512?
2, 3, 7
List the prime factors of 69037.
17, 31, 131
What are the prime factors of 39023?
39023
List the prime factors of 14857.
83, 179
List the prime factors of 156.
2, 3, 13
What are the prime factors of 7799?
11, 709
List the prime factors of 11973.
3, 13, 307
List the prime factors of 41405.
5, 7, 13
What are the prime factors of 39651?
3, 13217
List the prime factors of 3307.
3307
What are the prime factors of 9500?
2, 5, 19
List the prime factors of 862.
2, 431
What are the prime factors of 729?
3
What are the prime fa